 + h**3 - 68. List the prime factors of a(-16).
2, 3, 7
Let v = -7 + 0. Let m = v - -12. Suppose m*j - 42 + 141 = 2*n, 4*j + 222 = 5*n. What are the prime factors of n?
2, 3, 7
Suppose -496 = -3*k - 142. Suppose -8*i + 1106 = -k. What are the prime factors of i?
3, 17
Suppose 65 = -t - 3*t + 5*n, 5*t + 3*n + 72 = 0. Let a be (830/25)/((-6)/t). Suppose -a = -y - 12. What are the prime factors of y?
71
Suppose 0 = 8*d - 2 + 2. Let f(j) = j**2 - j + 73. What are the prime factors of f(d)?
73
Let q be 2/(-9) + (-34)/9. Let t = q + 6. Suppose -t*z = 5*u - 190, 5*u - 2*z - 175 = -z. What are the prime factors of u?
2, 3
Suppose -g + 11 = 2*t, 5*g - 1 = -t + 18. Suppose t*u + 16 = 0, -220 = -4*z - 0*z - u. Suppose 0 = 4*y - 196 - z. What are the prime factors of y?
3, 7
Suppose -z = -3*h + 17, -3 - 1 = -4*z. What are the prime factors of (6/(-10)*h)/((-5)/225)?
2, 3
Suppose c = x + 1350, 8*c = 7*c - 5*x + 1356. What are the prime factors of c?
7, 193
Let a(f) = -3*f**3 + 35*f**2 - 9*f - 4. What are the prime factors of a(7)?
619
Let z = -255 + 387. Let d = z + -74. List the prime factors of d.
2, 29
Let f(v) = -516*v - 15. List the prime factors of f(-1).
3, 167
Let o be (-2)/12 + (-2)/(-12). Suppose -2*n + 79 + 71 = o. List the prime factors of n.
3, 5
Let a(s) = 72*s**2 + 57*s + 1. What are the prime factors of a(6)?
5, 587
Let v be -18*3/(-18)*4. Suppose v*h = 16*h - 196. Let u = h - 31. What are the prime factors of u?
2, 3
Let j be 3 - (-35)/(-15) - 97/(-3). Let q = 61 - j. What are the prime factors of q?
2, 7
Suppose -p + 15 - 2 = 2*d, 0 = -2*d + 3*p + 1. List the prime factors of -50*(-10)/4 + (d - 4).
2, 3, 7
Let k = 665 - 568. What are the prime factors of k?
97
Suppose -h - 2*h = 81. Let k be (-2)/2*2 - (45 - 0). Let n = h - k. What are the prime factors of n?
2, 5
Let i(m) be the third derivative of 7*m**4/6 - 7*m**3/6 + 2*m**2. What are the prime factors of i(7)?
3, 7
Suppose 47 + 109 = -2*t. Let f = t + 144. What are the prime factors of f?
2, 3, 11
Let y(a) = -9*a + 2. Let v be y(-7). Let j = -9 + v. List the prime factors of j.
2, 7
Suppose 29 = -6*n + 215. Suppose 0 = -3*x + 313 - n. What are the prime factors of x?
2, 47
Let t be 6 + -5 - (-2 + 3 - 2). Suppose -w + 4*h + 135 = 0, t*h - 94 = -3*w + 269. List the prime factors of w.
3, 41
Let k be (-1150)/(-5)*(2/5)/(-1). Let g = -35 - k. List the prime factors of g.
3, 19
Suppose 5*k + 4*a = 3429 + 1584, 3001 = 3*k - a. List the prime factors of k.
7, 11, 13
Let g(k) = 13*k + 3. Let y be (-14)/6 + (-6)/(-18). Let d be g(y). Let b = 68 + d. List the prime factors of b.
3, 5
Let x(v) = -v**2 - 11*v + 1. Let d be x(-5). Let z = d - 20. List the prime factors of z.
11
Let n = -4378 + 6277. What are the prime factors of n?
3, 211
Suppose 0 = 281*u - 289*u + 6096. What are the prime factors of u?
2, 3, 127
Let r(a) = 8*a**2 - 1. Let y be r(-2). Suppose -b - 4 = -y. List the prime factors of b.
3
Suppose -p = -3*p - 4, -8 = -2*q + 2*p. Let d(w) be the first derivative of 13*w**3/3 - w**2 + 3*w + 2. List the prime factors of d(q).
3, 17
Let v(p) = 5 - 7 - p**2 + 0*p**3 - p**3. Let k be v(-2). What are the prime factors of (110/(-15))/(k/(-9))?
3, 11
Let l be (-1 - -7)*51/9 - 4. Let s(a) = -19*a**3 - a**2 + 1. Let q be s(-1). Let u = l + q. List the prime factors of u.
7
Let w = -844 - -1272. List the prime factors of w.
2, 107
Suppose -z = -2*l + 6164, 21*l + z - 9236 = 18*l. What are the prime factors of l?
2, 5, 7, 11
Let r(v) = 2*v**2 - 9*v - 15. Let o be r(6). Suppose 0*n + o*n + 42 = q, 207 = 4*q + n. What are the prime factors of q?
3, 17
Let b(f) = -921*f + 257. List the prime factors of b(-4).
7, 563
Let r = 170 - -135. Suppose 2*f = -3*f + r. List the prime factors of f.
61
Let j be 28/8 - (-5)/10. Suppose -j*r - 6 = -86. List the prime factors of r.
2, 5
Let s be 16 - (3/(-1) + 4). Let g = 45 - s. What are the prime factors of g?
2, 3, 5
Suppose -4*d + 2*x = -924, 3*x + 897 = 3*d + 201. Suppose -o + d = o. List the prime factors of o.
5, 23
Let i = -102 + 238. Suppose 9*r = 4*r - l + 776, -5*l + i = r. List the prime factors of r.
2, 3, 13
Let j be 30/24 - 2/8. Let w = j - -41. What are the prime factors of w?
2, 3, 7
Let f = -11 - -11. Suppose f = -3*v - v. Suppose 2*b = -v*b + 24. List the prime factors of b.
2, 3
Let p = 52 - 17. Let a = p + -13. List the prime factors of a.
2, 11
Let r(h) = -2*h**2 - 12*h. Let f be r(-5). List the prime factors of (-72)/(0 - f/15).
2, 3
Let q = 11442 - 7607. What are the prime factors of q?
5, 13, 59
Let l(p) = -p**2 + 2*p + 4. Let v be l(3). Let u be (3 - (v + 2))*-1. Suppose x - 21 - 13 = u. List the prime factors of x.
2, 17
Let z(k) be the first derivative of -k**4/4 - 5*k**3/3 - 2*k**2 - 6*k - 1. Let b be z(-6). Suppose 0 = 7*u - 4*u - b. What are the prime factors of u?
2, 3
Let t(y) = -4*y + 2. Let l(h) = h - 1. Let d(i) = 2*l(i) - 2*t(i). Let z(n) = -11*n + 6. Let v(o) = -4*d(o) - 3*z(o). List the prime factors of v(-5).
41
Let q(w) = -w**2 + 20*w + 6. Let m = 29 + -15. List the prime factors of q(m).
2, 3, 5
Let h(k) be the third derivative of k**6/360 - k**5/120 + k**4/12 - k**3 - 2*k**2. Let b(l) be the first derivative of h(l). What are the prime factors of b(2)?
2
Let m(t) = 11 - 12 + 8*t - t**2 + 3. Let n be m(8). Suppose 0 = 5*y - 2*u - 9, 3*u = n*y - y + 6. What are the prime factors of y?
3
Let p be ((-35)/(-14))/((-1)/(-2)). Let l = p - -1. Suppose -54 - l = -2*c - 4*d, 5*c = -4*d + 120. List the prime factors of c.
2, 5
Suppose -14*v - 1108 = -4020. List the prime factors of v.
2, 13
Let w = -13 + 19. What are the prime factors of ((-15)/w)/((-2)/4)?
5
Let n = 7380 + -3650. List the prime factors of n.
2, 5, 373
Suppose -31 = -5*i + 49. Suppose -3*n = -2*n + g - 16, 11 = n - 4*g. Let s = i + n. List the prime factors of s.
31
What are the prime factors of (4 - 1)*10/(-6) + 425?
2, 3, 5, 7
Let k = 15 - 14. Let q(w) be the second derivative of 23*w**4/12 - w**3/6 + w**2/2 - 3*w. List the prime factors of q(k).
23
Suppose -18 = -2*c + 3*c - h, 15 = 3*h. Let j be 4 + c - (4 + -7). List the prime factors of 8*j*14/(-21).
2
Let b = 1382 - 767. What are the prime factors of b?
3, 5, 41
Suppose -2493 = -4*h - 653. Suppose -y + h = 5*n - 0*y, 2*n - 167 = 3*y. Suppose 0 = 4*f + 4*j - 132, 3*f - n = 3*j - 2*j. What are the prime factors of f?
31
Let a(s) = s**3 - 21*s**2 + 35*s - 31. Let o be a(20). Suppose 3*q - 5*m - o = 332, -5 = -5*m. What are the prime factors of q?
2, 101
Let k(h) = -3*h**3 - 2*h**2 - 3*h + 1. Let a(w) = 6*w**3 + 3*w**2 + 6*w - 2. Let v(c) = 2*a(c) + 5*k(c). What are the prime factors of v(-3)?
5, 11
Let g be -1*1 + (8 - (-1131)/3). Let y = g - 217. What are the prime factors of y?
167
Let j(f) = f**2 + 62*f + 11. List the prime factors of j(25).
2, 1093
Let k = 2222 - -3537. What are the prime factors of k?
13, 443
Let r(n) = -n**3 + 9*n**2 + n - 9. Let g be r(9). Suppose 2*o - o - 21 = g. List the prime factors of o.
3, 7
What are the prime factors of (-73 - -66) + 0 + 801?
2, 397
Let k(b) = -b - 6. Let p be k(-9). Suppose 2*v = p*v + 5*z - 14, z - 18 = -4*v. Suppose v*o = r + 108, 5*o + 5*r = o + 108. What are the prime factors of o?
3
Suppose 0 = -18*k - 2*k + 1320. What are the prime factors of k?
2, 3, 11
Let y be (1 + 2)/(1 + 2/4). Suppose 0 = -y*f - 4*f + 108. List the prime factors of f.
2, 3
Suppose -2*u + 0*u - 4*g - 6 = 0, -u + 3*g + 12 = 0. List the prime factors of (270/(-40))/(u/(-72)).
2, 3
Let g(v) = -v**3 - 7*v**2 - 3. Let x be g(-7). Let f(z) be the first derivative of -12*z**2 - 5*z + 22. List the prime factors of f(x).
67
Suppose 4*f + 5 = 13. Let x be (f - 0)*(-564)/(-24). Let s = 91 - x. List the prime factors of s.
2, 11
Suppose -g = g - 8. Let w(o) = -o**3 + 7*o + 5 + 0*o**3 + 4*o**2 - g. What are the prime factors of w(5)?
11
What are the prime factors of (-2576)/42*171/(-6)?
2, 19, 23
Suppose 0 = -t + 6 + 24. Let m = -22 + t. Let p = m + 30. What are the prime factors of p?
2, 19
Let s(m) = -294*m**3 - 2*m**2 - m. What are the prime factors of s(-1)?
293
Suppose -47*z - 33160 = -92192. List the prime factors of z.
2, 157
Suppose -3*j + 2*j + 4 = 0. Let r(c) = c + 2. Let v be r(j). Suppose f + a - v = 0, -4*f + a + 0*a = -49. What are the prime factors of f?
11
Let z be ((-24)/(-3))/